s the greatest common factor of h and 62?
62
Let u(s) = -22*s**3 + 2*s**2 - 1. Let j be u(-1). Let h = -19 + j. What is the greatest common factor of 8 and h?
4
Let b = 492 + -292. Let s = b - -7. What is the greatest common factor of 23 and s?
23
Let u = 126 - 192. Let q be (u/(-8))/(12/32). What is the greatest common divisor of q and 2?
2
Let w be 22 - 5/(10/(-6)). Let k = 37 - 31. Let a be k/(-9)*2100/(-8). Calculate the highest common factor of a and w.
25
Let l be 0/4 + (0 - -2). Let h = 5 + 1. Let f = 2 + h. Calculate the highest common factor of l and f.
2
Suppose -6*j + 4 = -4*j. Suppose 5*w = -j*n + 154, -n - 5*w = -34 - 43. Let x = 45 - 38. What is the greatest common divisor of x and n?
7
Let k(b) = 2*b. Let j be k(1). Let x be (-2 - -3) + j - 49. Let q = -15 - x. What is the highest common divisor of q and 279?
31
Let y(a) = a**3 + 4*a**2 + 3*a. Let q be y(-2). What is the highest common factor of 36 and q?
2
Let o = -16 + 23. Suppose 3*i + 96 = o*i. Let z be (0 - i)*(-4)/12. What is the highest common factor of 16 and z?
8
Let s be 4262/14 - 10/7. Calculate the highest common factor of 202 and s.
101
Suppose 0*k - 3*k + 30 = 0. Suppose 0*y = -5*y + k. Suppose y*p + 2*g = 600, -p = 2*p - g - 900. What is the greatest common divisor of p and 30?
30
Let f = 3 + 9. Let t(q) = 5*q**2 + 0*q**2 + 3*q**2 - q**3 + 3. Let r be t(8). What is the greatest common divisor of f and r?
3
Suppose 14 + 7 = 3*k. Let d be ((-60)/k)/(5/(-35)). Let u(v) = -3*v + 3. Let i be u(-3). Calculate the greatest common divisor of d and i.
12
Let y = 917 + -897. Calculate the highest common factor of 1160 and y.
20
Let w = -686 - -716. Calculate the greatest common factor of 144 and w.
6
Let j = 200 - 143. Suppose -5*p - v = -87, 0 = 3*p - 0*p - v - j. What is the highest common divisor of 2 and p?
2
Suppose -18*c = 2133 - 7353. Calculate the greatest common factor of 87 and c.
29
Let i = 801 - 778. Calculate the greatest common divisor of i and 736.
23
Let k(j) = -j + 54. Let g be k(14). Let a = 43 - g. What is the greatest common factor of a and 24?
3
Let z = 324 - 317. Calculate the highest common divisor of 63 and z.
7
Let c be 1/((4/132)/1). Calculate the highest common factor of 77 and c.
11
Suppose 2*a - 6*a - 12 = 0. Let h be 22 + 2/3*a. Let u(w) = -98*w + 2. Let f be u(-1). What is the greatest common divisor of f and h?
20
Let m(l) = -13*l - 185. Let x be m(-17). Calculate the highest common factor of 132 and x.
12
Let u = -46 + 76. Suppose 3*z - 2*r = 71, 4*z - 4*r - 92 = -0*z. Let j = 45 - z. Calculate the greatest common factor of j and u.
10
Let u(y) = y**3 - 3*y**2 + 2*y - 4. Let m = 20 + -12. Suppose -a + 0*r + m = r, -5*r + 31 = 2*a. Let q be u(a). What is the highest common divisor of 6 and q?
2
Let x(z) = -z - 2. Let p be x(-5). Suppose 4*b + 55 = v, 0 = -6*v + p*v - b + 152. What is the highest common factor of 17 and v?
17
Suppose -3*c + 5*c - 45 = -3*j, -4*c + 3*j + 135 = 0. Let x = 19 + -9. Calculate the highest common factor of c and x.
10
Let s = -45 + 31. Let k(n) = n**2 + 12*n - 19. Let r be k(s). Calculate the greatest common divisor of r and 45.
9
Let w(p) = -p**3 - 5*p**2 - 4*p + 4. Let n be w(-8). What is the greatest common factor of n and 19?
19
Let g(h) = 15*h + 6. Let z be g(-9). Let b = z - 9. Let w = -73 - b. Calculate the highest common divisor of 26 and w.
13
Suppose -2696 = -h - 2520. Calculate the highest common factor of 16 and h.
16
Suppose 2086 + 2570 = 12*r. Calculate the greatest common divisor of r and 4.
4
Let q = 22 + -24. Let l(p) = -5*p**3 - p**2 + 2*p + 3. Let k be l(q). What is the greatest common factor of k and 14?
7
Let w(d) = -d**2 + 14*d + 35. Let l be w(19). Let r be l/((2 - 0)*9/(-18)). Calculate the greatest common divisor of 15 and r.
15
Let a be -2 + (5/1 - 1). Suppose -a*f - 5*s - 20 = 0, 2*s + 20 = f - 3*s. Suppose b - 19 + 7 = f. Calculate the highest common divisor of b and 30.
6
Let m = 23 - 16. Let n = 128 + -126. Suppose n*b = m*b - 65. Calculate the greatest common factor of b and 104.
13
Let m be (-1112)/139 - (-416 + 1). Calculate the greatest common factor of 55 and m.
11
Suppose -6*p + 259 + 185 = 0. Calculate the greatest common divisor of p and 629.
37
Let c be 8 - (15/5 + 1). Suppose 0*b + c = b. Suppose -b*r = -12*r + 72. What is the greatest common factor of r and 6?
3
Let t = 561 + -483. Calculate the highest common divisor of t and 24.
6
Suppose 51*w = 43*w + 592. What is the greatest common divisor of 592 and w?
74
Suppose d - 4*r - 38 = -d, 2*d + 3*r - 24 = 0. Calculate the highest common divisor of 39 and d.
3
Let g(u) = u**3 + 11*u**2 - 58*u - 295. Let w be g(-5). Suppose 0 = 2*t - 0*t - 24. Let b = t - -46. What is the highest common factor of w and b?
29
Let g(t) = 4*t - 66. Let v be g(0). Let s = -52 - v. What is the highest common divisor of s and 98?
14
Let c(x) = x**3 + 10*x**2 + 6. Let q be c(-10). Suppose -w + q = 3. Suppose -8 = -w*y + y. What is the highest common factor of 8 and y?
4
Let i = 206 + -145. Suppose 0 = -4*h + i + 351. Suppose 1 + 1 = z, z + h = 3*f. Calculate the greatest common divisor of f and 5.
5
Let w be 1274/65 + (-8)/(-20). What is the greatest common divisor of w and 8?
4
Let m = 3372 - 919. Calculate the greatest common divisor of m and 11.
11
Let j be 6/(-9) + (-38)/(-3). Let a(u) = u**2 + 3*u - 8. Let k be a(-4). Let r be 38 + j/k + -3. Calculate the highest common factor of r and 16.
16
Let i(d) = d**3 - 15*d**2 - 5*d - 28. Let v be i(15). Let w = -85 - v. Let z be (10/5)/((-4)/(-54)). What is the greatest common factor of w and z?
9
Let t = -326 + 395. Calculate the highest common factor of t and 92.
23
Suppose -9*s + 6*s - 6 = 0, -401 = -y - s. Calculate the greatest common factor of y and 26.
13
Suppose 46 = -8*i + 558. Calculate the greatest common factor of 56 and i.
8
Suppose -312 = 2*o - 4*o + 2*m, -3*o - 4*m = -496. Calculate the greatest common divisor of 20 and o.
20
Let z(s) = s**2 - 7*s + 15. Let t be z(8). Let o = t - 19. Suppose x = -o*x + 75. What is the highest common divisor of x and 15?
15
Let d = 124 + 85. What is the greatest common divisor of d and 33?
11
Let t be 1 + 1 + -6 + 3 + 3. Let b be (-3)/((-50)/(-26) - t). What is the greatest common factor of b and 156?
39
Let z = -639 - -855. What is the greatest common divisor of z and 180?
36
Let k(c) = 10*c - 136. Let y be k(24). What is the highest common factor of y and 39?
13
Suppose 0*k + 1 = k + 4*j, -37 = -k + 5*j. Let f = 37 - k. Calculate the highest common factor of f and 100.
20
Let v(b) = -b**2 - 18*b + 43. Let o be v(-19). Calculate the highest common factor of 30 and o.
6
Let n be (-4 + 80/24)/((-6)/45). Calculate the highest common factor of n and 4.
1
Let h = -2123 - -2471. What is the highest common factor of h and 406?
58
Let a(s) = -s**2 + 9*s + 1. Suppose 4*q + 18 = 7*q. Let p be a(q). Let j = 61 - 42. What is the greatest common factor of j and p?
19
Suppose 0 = -5*l + 786 - 61. Let m(s) = -s**3 - 19*s**2 + 41*s + 8. Let z be m(-21). What is the greatest common divisor of l and z?
29
Let j be 12/(-14)*28/(-6). Suppose 4*y = 4*t - 144, -3*y + 112 = 3*t - 7*y. Calculate the greatest common factor of j and t.
4
Let i(n) = 3*n**2 - 10*n + 6. Let c = 3 - 0. Suppose 4*q = 5*o + 49, -29 = -c*q - q + o. Let x be i(q). Calculate the greatest common factor of x and 9.
9
Let r(j) = -3*j**2 + 7*j + 52. Let g be r(0). What is the greatest common factor of 52 and g?
52
Suppose -28*s - 3*b = -30*s + 4, 3*s - 2*b - 11 = 0. Let m = -17 + 32. Suppose -m = -l + 5*q, 1 - 5 = 2*q. Calculate the greatest common factor of s and l.
5
Suppose 0 = -3*v + 79 + 29. Let z(i) = i**3 + 7*i**2 + 4*i - 8. Let y be z(-6). Suppose -y*u + 1 + 95 = 0. What is the highest common factor of u and v?
12
Let b be 4738/115 - (-2)/5*2. Suppose 258 = 4*u + b. Calculate the highest common divisor of u and 36.
18
Suppose 8*a - 384 = -0*a. Calculate the highest common factor of a and 12.
12
Suppose 0 = 5*z - 3 - 2. Let v be z*(2 + (-3 - 0)). Let j be 25/(v/(2 - 3)). What is the greatest common factor of 175 and j?
25
Suppose -4*n + 172 = 2*t, -4*t - 69 = -n - 17. What is the highest common divisor of n and 352?
44
Suppose -3*a = -1 - 8. Suppose j - 26 = 3*x, 5*x + j + a*j + 32 = 0. Let o be x/28